 -638) + (-1 - 39) - (-31 + -1)?
52
147 + (271 + -252 - (-1 + 34))
133
What is (0 - 40 - 46) + 2?
-84
Calculate -7 + (3 - 0) + -2 + (82 - 31) + -148.
-103
(45 - 11) + -35 - (1 - 9) - (96 + 32)
-121
What is the value of -14 + (-204 - -212) + -2 + 7?
-1
Evaluate 9 + (47 + -17 - 38) + (-69 - (1 + 0)).
-69
Evaluate -181 - (-156 - (94 - 139)).
-70
What is 2875 + -2609 - (145 - 6)?
127
(-155 - -66) + 115 + -1 + -50
-25
(1523 - 1512) + (-2 - 0)
9
What is (7 + -12 - 2) + (23 - (67 + (22 - 9)))?
-64
What is the value of (1 - (2 + -8 - -9 - 1)) + 6 + -12?
-7
Evaluate (-3 - 47) + 22 + -18 + 20 + -32.
-58
Calculate 24 - (-17 - -25) - 5.
11
What is the value of (-14 - 0) + (286 - 236) + -26 + 4 - 56?
-42
Evaluate (28 - 3 - 12) + -6 - (27 - 8).
-12
Evaluate 35 + (65 - 122) + -54.
-76
Evaluate 0 - (-2 + (111 + -105 - (-2 + (-33 - -3)))).
-36
Evaluate -23 + (40 - (17 - (-42 + 12))).
-30
What is the value of (104 - -47 - 147) + -1 + (-1 - 3)?
-1
Evaluate 144 + (-16 - -8 - 13) + 10 + (-4 - 2).
127
Calculate (-18 - -11) + 10 + (-24 - 14).
-35
Evaluate 42 - ((7 - (20 - -11)) + 80).
-14
Calculate -10 - 1 - -1 - (13592 + -13608) - 111.
-105
What is the value of -2 - 0 - 23 - (-19 + (42 - 19))?
-29
Calculate (0 - -10) + (1 - 12 - (55 + -35)).
-21
(18 - 14) + -41 - 15 - (1 - 13)
-40
Calculate 12 + 70 + -80 - (-1 + -5) - (20 + -1).
-11
What is 40 + (-25 - (-72 + 49))?
38
What is 20 - (-269 + 288 - (-1 - -25))?
25
-1201 + 1176 + 42 + -2
15
(22 - (-26 + 17)) + -74
-43
What is -21 - 47 - -59 - (2 - 49)?
38
What is the value of (-206 - -42) + 226 + 8 + 1?
71
Evaluate -335 - -352 - (3 + -2 + 2) - 14.
0
What is 11 + -1 + -15 + (41 - (-1 + 35))?
2
Evaluate -2 + (8 + -18 - -18) - (-17 - -38).
-15
Evaluate 57 - 56 - (65 + -51).
-13
What is -10 + 0 - -19 - (0 - 18)?
27
What is the value of -65 + 10 + 39 - (4 - (-3 - 5))?
-28
What is -43 + (106 - 66) + (1 + 43 - (-8 + 6))?
43
Evaluate -82 + (-11 + -51 - -77).
-67
Calculate 41 - (-44 - (-1 + -33 - 32)).
19
Calculate (9 - 56) + 9 + 54.
16
What is the value of (23 - -7) + (-1 - ((-12 - -17) + -6))?
30
Evaluate -22 - (21 - -17) - -151.
91
What is the value of -7 - (44 - (-9 + -7 + -13 + 20 + -3))?
-63
Evaluate 233 - 186 - (-2 - (-2 - 4)).
43
Evaluate (31 - 41) + (11 - 13 - (-6 + -1)) + -10.
-15
What is the value of -3 - (1 + -2) - -7 - (-58 + 80)?
-17
What is 1188 + -1246 - (0 + -16)?
-42
-13 + (24 - 4) + -15 - (1 + -2 + -2)
-5
11 + (-44 - (-6 - 12 - -2)) - -4
-13
Evaluate (50 - -3) + -10 + (0 - 1) + -39 + 40.
43
(32 + 13 - 58) + 4 + (36 - -2)
29
Calculate -2 - ((2 - -24 - 11) + (-1 - -24)).
-40
Calculate -58 + 25 - (15 + (33 - 6)).
-75
10 + -2 - (-22 + (-70 - -76))
24
47 - 46 - 11 - 37
-47
Calculate -43 - ((-10 - 2 - 3 - -7) + 27 + -6).
-56
What is the value of 74 + -68 - (72 - (-1 - 2 - (13 - 22)))?
-60
What is 294 + -337 - (3 + -29)?
-17
Evaluate -24 + -2 + (-6 - (4 + 0) - (-1 + -21)).
-14
What is ((-36 - -11) + -2 - 47) + -47?
-121
1 - ((4 - 1) + (9 + 0 - 10))
-1
5 + -1 + -5 - (-5 + (6 - (0 - 8)))
-10
Evaluate (-23 - (33 - 11)) + -21 + 11.
-55
What is (-3 + 4 - 42) + -41 + 69 + -15?
-28
Evaluate -33 - (1 + -3 + (434 - 438)).
-27
What is 106 - (-21 + 0 + 71)?
56
-21 + -1 + 18 + 32
28
Evaluate -5 - (-10 + 18 - (10 - (5 + -119))).
111
Calculate -69 + (-13 - 32) + 28 + 8 + (2 - -20).
-56
Evaluate -18 + -4 + 21 + (8 - 32).
-25
What is (-78 - 1) + -1807 + 1901?
15
Calculate -75 + (-11 - (-14 + -59)).
-13
Evaluate -996 + 1041 + (-1 - 69).
-25
What is the value of 0 - -132 - (-23171 + 23193)?
110
What is the value of (60 - 140 - -39) + (4 - 0)?
-37
Evaluate (8 - -2 - 8 - -5) + (19 - -13).
39
What is (13 - (6 + 11) - (1 - -8)) + (4 - 0)?
-9
What is 61 + -134 + (82 - 45)?
-36
What is the value of (5075 - 5049) + (-41 - 0)?
-15
What is -46 + -2 - (-2 + 45 + (-757 - -729))?
-63
What is the value of 250 + -126 + -28 + 17?
113
Calculate -173 + 180 + (-7 - (-9 + 3)) - (-43 + 1).
48
What is the value of 1506 + -1476 + (-7 - 112)?
-89
Calculate (1 - (-41 + 36)) + -8.
-2
What is the value of (20 - 7) + (-267 + 255 - (0 - 9))?
10
Calculate (102 - (-3 - 2 - -14)) + (156 - 168).
81
What is the value of -15 - (-1 - (6 + -5 + 5)) - -16?
8
What is -12 + -4 - 1 - (9 + 23 + 5)?
-54
Calculate (739 - 783) + (71 - -2).
29
What is -47 - (2 - -13 - (163 + -165))?
-64
Evaluate (-4 - (13 - 1)) + -12 - -7.
-21
What is (-341 - -298) + -8 + 0 + (1 - -1) - -11?
-38
What is -15 + 1 + -309 + 70 + 262?
9
What is 25 + (-49 - (-119 - -36))?
59
What is 17 + 11 + (29 - 12) - (7 + 1 + -2)?
39
Calculate (3 - -6 - -4) + 2 + 2 + -45 + -7.
-35
-42 + -12 + 15 - (26 - 13)
-52
What is -19 + 0 - (64 + -51 - (2 - (-1 - 13)))?
-16
What is the value of (39 - 3) + (59 + -77 - 91)?
-73
143 - 261 - (-6 + -16)
-96
-348 + 391 + (3 - -3) + 2 + 1
52
Calculate -1 - -46 - (-14 + -3 + (31 - (-16 - -28))).
43
What is the value of -77 + 90 + 0 + -38 - -22 - 90?
-93
What is (-17 - (10 + 63)) + 67?
-23
Evaluate 17660 + -17764 - (-84 - 1).
-19
Evaluate 30 + (-6 - (-20 - (5 + 8))).
57
-108 + 336 + -96 + -225
-93
What is -20 + (26 - 14 - -2) + 2 + 2 - 57?
-59
Calculate 68 + -8 - -19 - (30 - 7).
56
Evaluate 358 - 373 - (-65 - -5).
45
What is the value of (-22 + 25 + 27 - 23) + (-2 - -65)?
70
What is 91 + -96 - (5 - (-2 + (-7 - (0 - 6))))?
-13
Calculate (41 + -63 + 15 - (50 - 1)) + -6.
-62
Evaluate -8 - -17 - (-23 - (-12 + 4)).
24
What is -1 + 2 - (-57 - (22 + -49))?
31
-35 + -23 + 1 + (268 - 263)
-52
Calculate -11 - -5 - ((23 - 5) + -9 + -12).
-3
Calculate (46 - 37 - 9) + (83 - 0) + 18.
101
Calculate (-233 - -466) + -181 - (25 - 2).
29
What is 23 + 1 + (10 - (10 - 19))?
43
What is the value of (24 - 25 - (-22 - -1) - 19) + -6?
-5
Evaluate 20 - (7 - (44 - -24) - -24).
57
113 - (6 - 14 - -22) - (-41 - -62)
78
Calculate -12 - -12 - ((0 - 60) + -83 + 85).
58
What is the value of (19 + -5 - 37) + 37 - -41?
55
(-2 - (9 - (0 + 0)) - -9) + -8
-10
Calculate (-54 - (-52 - -72)) + -5.
-79
41 + -20 + -29 + 14
6
Evaluate 49 - (-5 + -41 + 139).
-44
Evaluate (-349 - -220) + 70 + (-2 - -1 - -18).
-42
What is the value of -28 + -6 + 40 + (2 - (111 + 1))?
-104
What is -4 + 2 - (-3313 + 3254)?
57
Evaluate 6 + (2 - 9 - -7) + -11 + -57.
-62
Calculate (22 - -6 - 71) + 3 + (-5 - -14).
-31
Calculate (-4 - 13) + (-91 - -83) + 106.
81
Evaluate 56 + -57 + -7 + -3.
-11
1 - 4 - (228 + -285) - -14
68
Evaluate (41 - (-10 + 16 - -8)) + -19.
8
What is the value of 25 + -21 + 35 + -30 - 9?
0
What is (9 + 3 + (-1 - -1) - (1447 + -1423)) + 19?
7
What is (9 - (-2 + -33)) + -3?
41
-4 - 7 - (-60 + -30 + 48)
31
What is the value of (-16 - (13 - -11)) + -4 + 3 + -3 + -2?
-46
Evaluate (25 - 60 - -30) + (-1 - (-3 + -3)) + -2.
-2
What is -25 + 3 + (-19 - (-10 - -4 - -3))?
-38
What is the value of 3 + 18 - -15 - 13?
23
114 + -22 - (25 - 11 - 1)
79
What is -10 + (15 - 66) + 13 - -7?
-41
Evaluate -20 + 1 + 1 + (-28 - (162 + -240)).
32
Calculate 13 + (1 - 41) + (-158 - -98 - -53).
-34
-12 - -2 - (-5 + -15 - -39)
-29
What is the value of (-151 - -34) + (441 - 373)?
-49
Calculate 7 + -30 + 38 + -1 + 21.
35
Evaluate (-1368 - -1335) + (14 - (6 - 3)) + -2 - -11.
-13
What is the value of 29 + -69 - -32 - 16?
-24
Evaluate -28 - -54 - (-18 - (6 - 6 - 6)).
38
-53 + -21 + 8 + 15
-51
What is 9 - (0 + -26 + (-53 - -72))?
16
-4 - 10 - (-8 - (-13 - -10 - 6))
-15
Evaluate -48 + (28 - ((10 - -6) + 20)).
-56
3799 + -3719 - (82 - 0)
-2
Calculate (22 - -1 - 2) + (-5 - -2) + 103.
121
-52 + (41 - (-16 + 23)) + -7
-25
11 - 38 - (-66 - -52)
-13
Calculate -8 - -12 - -4 - (-145 - ((-16 - -10) + 0)).
147
Evaluate 83 + (91 - (65 - -50)).
59
What is -2 + (113 - (110 - -55))?
-54
(8 - -39 - 1) + -59
-13
19 - (45 + -3 + -31)
8
What is the value of 56 - (1 - (-30 - -10 - -12))?
47
Evaluate (107 - 12) + 15 + (179 - 206).
83
Evaluate -7 - (17 + -31 + 7 - 50).
50
What is the value of (22 - (86 + -195)) + -82?
49
What is -1 + -8 + (-44 - (-23 + 62))?
-92
Calculate (-8 - 10) + -16 - (-6 + -135).
107
Calculate 127 + -83 + (65 - 185).
-76
Calculate -84 + 2 + (-4 - -2) + (85 + -39 - 57).
-95
Evaluate -11026 - -11063 - (1 + (14 - -2) - -1).
19
Calculate (108 + -95 - -5) + (-17 - 0) + 15.
16
What is the value of -18 + 52 + (-66 - -3) - (5 + -1 - 0)?
-33
What is the value of -74 + 21 - -47 - (0 - -58)?
-64
Calculate -15 + 1 - ((-6 - (-12 + 34)) + -44).
58
(-15 + 8 - -8) + 63 + 3 - (-1